mber?
False
Suppose 12 = -l + 3*q, -2*l + 4*q - 15 = 5. Let y be 25891/9 + 1/(-27)*l. Suppose j - 4192 = y. Is j a composite number?
False
Suppose -7*q = -6*q + 51. Let m = -47 - q. Suppose m*i + 221 - 729 = 0. Is i prime?
True
Suppose 25*k - 28*k - 36 = 0. Is (153/k)/((-3)/548) prime?
False
Let y = -59341 - -129900. Is y prime?
False
Suppose 3*h - x + 49 = -2*x, -h - 5*x = 35. Is (3158/(-12))/(h/(-45))*-22 prime?
False
Let r = 4992 - 5009. Let y(g) be the first derivative of g**3/3 - 23*g**2/2 - g + 1. Is y(r) composite?
True
Suppose 0 = 30*g - 3294625 - 5615945. Is g a prime number?
True
Suppose -6 = 3*q, -35349 = 15*p - 16*p + 4*q. Is p a prime number?
False
Let d = -4258 + -5695. Let l = 18304 + d. Is l prime?
False
Is (3 - (-21)/(-6))/(46/(-7313356)) prime?
True
Is (-361917)/6*(-11)/55*40/12 a prime number?
True
Let i = 477246 - 296617. Is i a prime number?
True
Let b(s) be the first derivative of -5*s**2/2 + 21*s + 14. Let u be b(6). Let t = u + 76. Is t a prime number?
True
Suppose 5*m + 2*g = -1015 - 590, -5*m - 1605 = -5*g. Suppose 0 = 3*t - 5341 + 295. Let x = t + m. Is x composite?
False
Suppose 0 = l - 1207 - 161. Suppose -4*q + 3*q - 5*k + l = 0, -1365 = -q - 2*k. Is q composite?
True
Suppose 36738 = 5*o - 4*y, -4*y = -3*y - 3. Suppose 6*d = -0*d - o. Let i = -522 - d. Is i prime?
False
Let y(u) = u - 1. Let d be y(-4). Let r = d + 9. Suppose -823 = -r*i + 1341. Is i a composite number?
False
Suppose 6*c + c = 64435. Let b = c + -3062. Is b prime?
True
Let c(n) = -4*n - 40. Let y be c(0). Let t = y - -42. Suppose -3*w + t*i + 3722 = -1473, -3*i = -5*w + 8659. Is w a composite number?
False
Let p be (5/4)/((-15)/(-60)). Suppose 2*h = p*j - 30, j - 6 = h - 0. Is ((933/2)/3)/(3/j) a composite number?
False
Suppose 8*p - 5*p + 113 = 4*b, p - 49 = -2*b. Is 20 - b - (-21514 - (3 - 2)) composite?
True
Let f be (-5 - -3) + 1*-1. Let v(d) = -14 + 28*d**2 + 0*d + 10 - 5*d. Is v(f) prime?
True
Let h(q) = 19876*q - 4425. Is h(4) a composite number?
False
Let t be 1/(-1) - (-1 - -4)/(-1). Suppose -7*d = t*d - 81333. Suppose 8*p = p + d. Is p a prime number?
True
Suppose -143*c = -145*c + 3*f + 200468, -2*f + 200458 = 2*c. Is c a prime number?
False
Let o(x) = -34*x**2 + 8*x - 51. Let y(v) = -34*v**2 + 7*v - 51. Let h(i) = -3*o(i) + 2*y(i). Is h(5) composite?
True
Let i(k) be the second derivative of k**6/24 - k**5/12 - k**4/8 - 7*k**3/6 - 13*k**2 - 7*k. Let s(m) be the first derivative of i(m). Is s(8) composite?
True
Let k = 219841 + -146490. Is k a prime number?
True
Let f(b) be the first derivative of 24 + 5272/3*b**3 - 2*b**2 - 3*b. Is f(-1) prime?
True
Suppose 0 = -11*f - 2*f + 143. Suppose 0 = -f*p + 40456 - 12923. Is p composite?
False
Let u be (-12935)/10*(2 - 0). Let b = u + 6508. Is b a prime number?
False
Let x(d) = -63 - 4*d + 121*d**2 + 63. Let t be x(2). Suppose -34*b + 30*b + t = 0. Is b a composite number?
True
Let z = 5355 - -17056. Is z a prime number?
False
Suppose 0 = -5*d - 121 + 141. Is ((-12)/d - -434)/(3/3) a composite number?
False
Let q = 371889 + -147916. Is q prime?
False
Suppose -2*d - 5*x = d - 115884, -d + 5*x = -38648. Suppose 11861 + d = 2*q. Is q a prime number?
True
Suppose 2*i + 2*f + 33 = 5*f, 5*i + 40 = -f. Let q be i/6*(-8)/6. Suppose 5*r + 5*c = q*c + 3586, 5*r - 3*c - 3604 = 0. Is r a prime number?
True
Suppose 13 + 7 = d + 2*h, 4*d - 89 = -5*h. Suppose 52797 = d*n - 23*n. Is n composite?
False
Let b = 60169 + 21162. Is b prime?
True
Let q(w) = 1036*w + 1735. Is q(24) a composite number?
True
Let g = 220 + -225. Is g*(-95543)/175*(-2 + 7) a composite number?
False
Suppose 0 = -9*n + 13*n + 3*x - 462263, 5*n - 577883 = 4*x. Is n a composite number?
False
Suppose -8*m + 6*m = -43*m + 3388199. Is m a composite number?
True
Is (-9)/(-6)*685384/42 prime?
False
Let s(g) = 124*g**2 + 22*g + 1234 + 183*g**2 - 1256. Is s(1) prime?
True
Suppose -26917 = -4*x - 7*x. Let t = x - 686. Is t a prime number?
False
Let t be (3/6)/(3/6). Let q be (2399 - 0) + t + 2. Is q/22 + (-4)/22 a prime number?
True
Let u = -15 + -9. Let f = 27 + u. Suppose f*c + 3*v = c + 239, 2*c + 2*v = 236. Is c prime?
False
Let x(s) = -s**3 - 18*s**2 + 31*s - 1. Let i = 136 + -66. Let g = 50 - i. Is x(g) a prime number?
True
Let k(o) = -22*o**3 - 15*o**2 - 93*o + 17. Let m be k(-9). Let y = -3226 + m. Is y a prime number?
True
Let l(z) = z + 9. Let o be (-39 - -3)*1/(-2). Let s be l(o). Is (-2720 + -2)*(s/(-6) - -4) composite?
False
Suppose 164*i - j = 162*i + 88764, -2*j = -2*i + 88766. Is i a prime number?
True
Let g = 105601 + 77148. Is g a composite number?
True
Suppose 0*q + 11*q - 176 = 0. Suppose -2*f = -f - 5*i + q, 0 = -f - 4*i + 20. Is ((-1984)/(-96))/(1/(66/f)) composite?
True
Is 45/18*(-195010)/(-25) a prime number?
True
Let g = -2824 - -6657. Suppose 15*h = 14*h + g. Is h prime?
True
Suppose 17*s + 34434 = -s. Let a = s + 2924. Is a prime?
False
Let n(p) = p**2 - 3*p - 3. Let f be n(11). Let l = f + -80. Suppose z = -2*u + 104 + l, -5*u = 2*z - 215. Is z a composite number?
True
Suppose 230 = -0*t - 5*t. Suppose 1 = -2*r + 2*z - 3*z, 0 = -5*r - 5*z + 5. Is t/(-23)*(-331)/r prime?
True
Let k be 4 - 4 - ((-15)/(-1))/(-3). Suppose 0 = -k*u + b + 30, -u - 3*u = 4*b. Suppose u*m - 6*m = -799. Is m a composite number?
True
Suppose 337*j - 341*j + 5448 = 0. Suppose 5*c - j = 4*r + 3087, -3*r = 3. Is c prime?
False
Suppose 339*j - 1989012 = -4*u + 347*j, -3*j + 497263 = u. Is u prime?
True
Let x(d) = -7*d**3 + 19*d**2 - 16*d - 7. Let i(a) = a - 12. Let m be i(8). Let c(f) = -3*f**3 + 9*f**2 - 8*f - 3. Let k(j) = m*x(j) + 9*c(j). Is k(8) composite?
False
Let u = -118 + -53. Let q be 1/(-5) - u/(-45). Let f(n) = -51*n - 3. Is f(q) a prime number?
False
Let r(d) = 7*d**3 + 9*d**2 + 26*d + 131. Is r(14) a composite number?
False
Let k = -16 - -7. Let p be 7/14 + k/(-2). Suppose -745 = p*h - 6*h. Is h a prime number?
False
Let t = 33993 + -23967. Let q = t + -6433. Is q a prime number?
True
Let k be ((-52)/26)/(4/(-13818)). Let l = 16166 - k. Is l a prime number?
True
Let f(y) = 213*y**2 - 140*y - 5480. Is f(-63) a prime number?
True
Let d(o) = 839*o**2 - 85*o - 965. Is d(-19) prime?
True
Let v(m) be the third derivative of -349*m**4/24 - 104*m**3/3 - 79*m**2. Is v(-18) a composite number?
True
Let d = -252 - -107. Let l(i) = -5*i**3 - 9*i**2 + 9*i - 19. Let k be l(5). Let g = d - k. Is g a composite number?
True
Let x = 260441 + -162568. Suppose 29*j - 2844 = x. Is j composite?
True
Suppose -v - 4*k = -4146, k + 12438 = v + 2*v. Let x = -2391 + v. Suppose 5*b = x + 1140. Is b prime?
False
Is 23 + -7 + -31 - -101368 composite?
True
Let m(t) = t**2 + 19*t + 18. Let w be m(-18). Let q(y) = -2*y**2 + 9871. Is q(w) a prime number?
True
Suppose 5617027 = 71*j - 8744640. Is j a composite number?
False
Suppose 11*k = 163*k + 20*k - 75957092. Is k composite?
True
Suppose -z - 2*c = c - 20, 4*z - c - 15 = 0. Suppose i + 65 = 5*n + z*i, -2*i - 26 = -4*n. Suppose -h = -5*o + 267, o + n*h - 4*h = 43. Is o a prime number?
True
Let w = 6 + -7. Let d be (3 - w) + -3 + -2 - 3130. Let n = d - -4824. Is n prime?
True
Let r(q) = -76*q**3 - q**2 + 6*q - 9. Let z be r(-6). Suppose -5*l + z = 4105. Is l prime?
False
Let z(l) = 5905*l**3 + l + l**2 - 22 + 23 + 0*l - 2*l. Is z(1) a composite number?
True
Is 7*54/189*(-348709)/(-2) a prime number?
True
Suppose 5*a - 3*t - 5839 = 0, -3*a + 27*t = 26*t - 3505. Is a a composite number?
True
Suppose -v = 4*s - s - 635, 4*v - 2*s = 2498. Suppose 0 = -4*a - 20, -5*k + 3*a + 174 = -v. Is k prime?
True
Is (0/(-10) - -7177)*(23 - 4) prime?
False
Let k be (5 - 9) + 6 - -7827. Let z = 12082 - k. Is z prime?
True
Let x(o) = -1533*o - 36. Let h(j) = 1532*j + 37. Let d(c) = 5*h(c) + 6*x(c). Is d(-6) composite?
True
Let q(p) be the third derivative of -5/3*p**3 + 12*p**2 + 0*p - 79/24*p**4 + 0. Is q(-9) prime?
True
Suppose -1740018 + 10266 = -12*a. Is a a composite number?
True
Let r = -15713 - -71476. Is r a composite number?
False
Let t(b) = 3*b - 4. Let o be ((-20)/(-5) - 3)*5. Let c be t(o). Suppose -c*i + 19*i = 4136. Is i a composite number?
True
Suppose -3*d = -5*f + 132264, 12*d - 88176 = 14*d + f. Let a = -23765 - d. Is a a composite number?
False
Suppose o = m + 3, -10*o = -15*o - 2*m + 8. Suppose o*b + 9195 = 7*b. Is 